uppose -a*j + q*m + 88 = -2*j, -j + 3*m + 22 = 0. What are the prime factors of j?
2, 11
Let n(j) = 1842*j**2 - 27*j - 26. List the prime factors of n(-1).
19, 97
Let o = -1 - -5. Suppose -s + 20 = o*s. Suppose 4*i - y = s*y + 53, 0 = 2*i - 3*y - 25. What are the prime factors of i?
17
Let m(x) = -x - 1. Let k(d) = -6*d + 8. Let y(t) = k(t) + 3*m(t). List the prime factors of y(-1).
2, 7
Suppose 5*p - 16706 + 3521 = 0. List the prime factors of p.
3, 293
Suppose 0 = 89*f - 78*f - 5357. What are the prime factors of f?
487
Let i be 2/(4/(-65))*-4 - 0. Suppose 4*u + i + 12 = n, -5*u = 2*n - 245. What are the prime factors of n?
2, 5, 13
Let w(k) = 2*k + 9. Let v be w(5). Let s = 43 + v. What are the prime factors of s?
2, 31
Let d(w) = 15 + 3*w + 2*w**3 + 7*w + 14*w**2 - 9*w. List the prime factors of d(-7).
2
Let p(w) = -w**2 + 8*w + 4. Let y(v) = -8 - 19*v - v**2 + 0*v**2 - 13 + 3*v. Let d be y(-14). What are the prime factors of p(d)?
11
Suppose -8 = -2*s - n, -n - 5 = 4*s - 19. Suppose -108 = b - 2*v, 0 = -5*b + b + s*v - 452. Let y = b + 162. What are the prime factors of y?
2, 23
Let s(o) = 3*o + 5*o**3 - 7*o**3 + 3*o**3 + 1 + 3*o**2. Let b be s(-4). Let g = -7 - b. List the prime factors of g.
2, 5
What are the prime factors of (463 - (-10 + 0)) + 7?
2, 3, 5
Suppose 0 = 3*o + 5*b + 10, -2*o + 5*b - 9 = 6*b. What are the prime factors of ((-1)/((-4)/(-184)))/(2/o)?
5, 23
Let z(b) = 10*b**2 + 8*b + 6. Let h(u) = -9*u**2 - 7*u - 6. Let r(n) = -4*h(n) - 3*z(n). What are the prime factors of r(4)?
2, 59
Let q be 21/5 + 3/(-15). Suppose i - 3*i - 6 = -3*j, -2*j = 3*i - q. Suppose 0 = -2*w - 2*k + 56, j*k - 7*k = w - 44. What are the prime factors of w?
2, 3
Suppose 3*s - 8*s = -35. List the prime factors of s/(14/164) - 1.
3
Let v(u) = -u**3 - 13*u**2 - 8*u - 8. Let f be v(-13). Suppose -5*m + 4*m - 5*y = -2, 4*m - 2*y - f = 0. What are the prime factors of m?
2, 11
Let l = -16 - -10. Let k(q) = q**3 + 7*q**2 - 4*q - 8. Let h be k(l). Suppose 2*a - h = -20. List the prime factors of a.
2
Let j(q) = -6*q**2 - q + 6. Let o(s) = -s**3 - s**2 + s + 1. Let n(z) = j(z) + o(z). List the prime factors of n(-8).
71
Suppose 0 = -v - 4*h + 1346 - 479, 4*v - 3468 = 4*h. List the prime factors of v.
3, 17
Suppose -2*s = -5*s - 5*q - 16, 4*s - q = -52. Let z = s - -15. Suppose 8 = -z*u + 56. List the prime factors of u.
2
Suppose 3*k = 5*t + 10793 + 1665, -k + 4164 = 4*t. What are the prime factors of k?
2, 1039
Let l = 295 - -418. List the prime factors of l.
23, 31
Suppose 15*x - 14*x = 648. Let v = x + -458. What are the prime factors of v?
2, 5, 19
Suppose -z - 5 = 3*h + z, z - 2 = 3*h. Let y(q) be the second derivative of -29*q**3/6 - 2*q. List the prime factors of y(h).
29
Suppose -26 = 5*u - m, 2*m = -u + 5*m + 6. Let q = 9 + u. Suppose 3*l + 2*l - 46 = -4*r, 2*r + q*l = 22. What are the prime factors of r?
2, 7
Suppose 0 = -t + 2*f + 253, -1558 = -4*t - 2*f - 596. What are the prime factors of t?
3
Let g(l) = l**2 - 2*l - 7. Suppose 2*f - 18 = -4*t + 4*f, -4*t + f = -23. What are the prime factors of g(t)?
2, 7
Let a be (2/3)/(6/27). Let m(o) = 5 + o - 3 - a + 0*o. What are the prime factors of m(3)?
2
Let y = 1232 + -572. Suppose 8*o - y = 2*o. List the prime factors of o.
2, 5, 11
Let m = 133 + -134. List the prime factors of 151 - (-3 + -2)*m.
2, 73
Let s(g) = 3*g - 7. Let c be s(3). Suppose -4*m + 196 = 3*f, 0*f - 2*f - c*m = -128. What are the prime factors of f?
2, 3, 5
Suppose -4*b - b = -g - 972, -574 = -3*b - 4*g. What are the prime factors of b?
2, 97
Let k(g) = -g**3 - g**2 + g + 5. Let b be k(0). Let a be (-26)/117 - (-382)/18. Suppose -b*o + a = 4*s - 21, -36 = -4*o - 2*s. List the prime factors of o.
2, 5
Let c(h) = 33*h - 224. List the prime factors of c(9).
73
Suppose 738 = -3*u + 6*u. Suppose 6*i - u - 342 = 0. List the prime factors of i.
2, 7
What are the prime factors of (-5 - (-8 + -3)) + 4622?
2, 13, 89
Suppose 5*r = -2*q + 315, r = q - 3*q + 303. List the prime factors of q.
2, 3, 5
Let f be 1/(-9) + 3/27. Suppose f = -s - 2*s + 240. List the prime factors of s.
2, 5
Suppose 5*w - 2*m - 4092 = -0*w, 5*w - 4094 = 4*m. What are the prime factors of w?
2, 409
Suppose -53*n = -55*n - 6. List the prime factors of (-1598)/(-51) - (0 - 1/n).
31
Suppose -v - 360 = -6*v. List the prime factors of v.
2, 3
Let j = -38 + 46. Suppose -3*l = -j*l + 230. List the prime factors of l.
2, 23
Let u(c) = 9*c - 7. Let n be (3 + (-20)/8)*30. Suppose -2*o - 3*o + n = 0. What are the prime factors of u(o)?
2, 5
Let n(q) = -q**3 + 32*q**2 + 45*q - 72. What are the prime factors of n(33)?
2, 3
Suppose -3*r - 2694 = -5*u + r, r + 2706 = 5*u. List the prime factors of u.
2, 271
Let f(s) = -s**2 - 8*s - 8. Let n be f(-5). Let k(h) = h**3 - 3*h**2 - 17*h + 3. List the prime factors of k(n).
2, 5
Let r = 9 - 7. What are the prime factors of (60/14)/((r/42)/1)?
2, 3, 5
Let y = 697 + -315. Suppose 5*x - y = -2*b, 5*x + 4*b = -0*x + 384. What are the prime factors of x?
2, 19
Suppose 6 = 4*i - 2*d - 0*d, -4*i + 41 = 5*d. Suppose i*q - 11 = -3. What are the prime factors of q?
2
Let c = -1 + -3. Let q(h) = -4. Let s(j) = j + 4. Let y(d) = -7*q(d) - 6*s(d). List the prime factors of y(c).
2, 7
Let l(f) = 26*f + 312. What are the prime factors of l(0)?
2, 3, 13
Suppose 1680 - 13809 = -13*v. List the prime factors of v.
3, 311
Let m(d) = -6*d - 14. Let k be m(-11). Let l = 92 - k. List the prime factors of l.
2, 5
Let q = -1127 - -2116. List the prime factors of q.
23, 43
Let o(l) be the third derivative of -2*l**4 + 17*l**3/3 - 13*l**2. List the prime factors of o(-4).
2, 113
Suppose -3*a - 33 = -5*g, 0 = -2*g - 0*g - a + 11. Let m(c) = c**2 - 9*c - 1. Let j(u) = -u + 1. Let w(x) = -2*j(x) - m(x). What are the prime factors of w(g)?
29
Suppose 0*k + 120 = -5*k. What are the prime factors of (2 + 7)*(-112)/k?
2, 3, 7
Let w(r) be the second derivative of 3*r**5/20 - 3*r**3/2 - 5*r**2/2 - 2*r. Let f(z) be the first derivative of w(z). What are the prime factors of f(3)?
2, 3
Suppose 90 = 2*q + 3*i, -q + 0*i = -5*i - 19. Suppose 2*g - s - 1 = -12, -5*s = -4*g - 19. Let f = q - g. What are the prime factors of f?
3, 5
Let v(y) = -42*y - 62. List the prime factors of v(-7).
2, 29
Let x(t) = -334*t**3 - 2*t - 3. List the prime factors of x(-1).
3, 37
Suppose 5*b - 3*v + 56 = 10*b, -19 = -b + 2*v. List the prime factors of b.
13
List the prime factors of 585 - (-22 + 18)/(-2 + 1).
7, 83
Let f(n) = 2*n**2 + 3*n - 1. Let d be f(-6). Let q = 133 - 90. Suppose -4*y - 15 = -4*r + d, -3*r - 5*y = -q. What are the prime factors of r?
2
What are the prime factors of ((-1)/4)/((-46)/705272)?
3833
Let m be 5 + (-10)/2 + 3. Let s(o) = 10*o**2 + o + 3. What are the prime factors of s(m)?
2, 3
Suppose 4*u + 4 - 28 = 0. List the prime factors of ((-148)/6)/(u/(-27)).
3, 37
Let k be ((-1)/(-3))/(6/702). Suppose -4*f + k = -65. List the prime factors of f.
2, 13
Let h = 1127 + 605. List the prime factors of h.
2, 433
Let c(a) = -2*a**2 - 9*a - 12. Let p be c(6). Let g = -66 - p. What are the prime factors of g?
2, 3
Let d(p) be the first derivative of p**3/3 + 5*p**2/2 - 4*p + 10. What are the prime factors of d(3)?
2, 5
Let q = 30 - 30. Suppose 98 = 4*r + 4*t - 106, q = -t + 1. List the prime factors of (21/(-6))/(-7)*r.
5
Let f = 93 - -37. What are the prime factors of (-4)/(-5) + 21216/f?
2, 41
Suppose -3*n = -644 - 466. List the prime factors of n.
2, 5, 37
Let h(v) = -164*v - 17. What are the prime factors of h(-1)?
3, 7
Let h(c) = 28*c**2 + 5*c - 2. Let z be 3/((-15)/4)*(-170)/68. What are the prime factors of h(z)?
2, 3, 5
Let m = -5 - 7. Let x = m + 14. Suppose -w - 57 = -4*w + 4*y, x*w = 3*y + 38. List the prime factors of w.
19
Let l = 3760 - 1657. What are the prime factors of l?
3, 701
Suppose 3*v + 33 = -9. Let f(i) = 2*i**2 + 11*i - 19. Let q be f(v). Suppose 4*t + 2*w + 63 = q, -2*w = -2*t + 78. List the prime factors of t.
3, 13
Let p be (-10)/(4 - 12/2). Suppose -4*a = -6*a + 186. Suppose 3*q + 26 - a = 4*i, -p*i = -3*q + 65. List the prime factors of q.
5
Let a(d) = d**2 - 8*d - 8. Let c(n) = -n**2 + 9*n + 9. Let y(i) = 6*a(i) + 7*c(i). List the prime factors of y(15).
3, 5
Let t(k) = 12*k**3 + 4*k**2 + 6*k - 11. What are the prime factors of t(4)?
5, 13
Let j = -4